z.
328
Let y(c) = 4*c - 47. Let x be y(14). Let v be (10 + 2)*12/x. Let z be 1 + 4/(-6)*(-120)/v. Calculate the greatest common factor of z and 6.
6
Let m be 2 + 0 - (-94 - -2). Let x = -377 + 347. Let z(a) = -a**2 - 37*a - 69. Let n be z(x). Calculate the highest common divisor of n and m.
47
Suppose t - 1117 = -83. Let d be 4/(-5) + t/55. Let j(s) = -s**2 - 8*s + 2. Let m be j(-8). Calculate the greatest common divisor of m and d.
2
Let h(s) = -s**3 - 12*s**2 - 16*s - 7. Let n be h(-12). Suppose -23 - 461 = 4*q. Let y = q + n. Calculate the greatest common divisor of 160 and y.
32
Let i = 110 + 388. Let q = i - 462. Calculate the highest common factor of 108 and q.
36
Let l(x) = 99*x**2 - 460*x - 3306. Let i be l(-7). Calculate the highest common factor of i and 15.
5
Let o be 224/22 - 6/33. Suppose -30 = -26*r + 25*r - 3*f, -4*r + 65 = f. What is the highest common divisor of r and o?
5
Let g(m) = 13*m - 12. Let z be g(4). Let f(d) = -3*d**3 - 44*d**2 + 62*d - 31. Let y be f(-16). Calculate the greatest common divisor of z and y.
1
Suppose -16200 = -18*z - 14*z + 23*z. Calculate the highest common divisor of 288 and z.
72
Suppose -5*t = 2*g - 22 - 13, -5*t = -4*g + 25. What is the highest common factor of g and 4820?
10
Suppose -2*t - 46 = -2*u, -5*u + t + 135 = 6*t. Suppose -u*s = 15*s - 15640. Calculate the highest common divisor of s and 17.
17
Suppose -6 = -v - 0. Let l(j) = j**2 - 10*j - 54. Let k be l(-14). What is the greatest common divisor of v and k?
6
Let s(a) = a**3 - 8*a**2 + 13*a - 10. Suppose 3*h - 19 = -4*u + 10, -3*h + 2*u = -17. Let o be s(h). What is the highest common factor of o and 16?
16
Suppose y = 1 + 2. Suppose -5*s + y*x - 2 = 0, -s + 2*x = x. Let p be (4/8)/(s/(-18)). What is the greatest common factor of 27 and p?
9
Suppose -479*f - 103722 = -274725. What is the greatest common factor of 273 and f?
21
Suppose -80 = -17*c + 9*c. Suppose 5*k + c = 45. Calculate the greatest common divisor of 399 and k.
7
Suppose s = -3*s - 60. Let i be (-1420)/(-25) + (-3)/s. Let c = 2831 - 2812. Calculate the highest common factor of i and c.
19
Let i(t) = -28*t + 41. Let a be i(1). Suppose 22*p + a = 167. What is the highest common factor of p and 63?
7
Let z = 2947 - 1183. Calculate the greatest common divisor of 36 and z.
36
Let s(i) = 154*i + 4661. Let r be s(-28). What is the highest common factor of 8 and r?
1
Suppose 0 = 4*z + 12, 0 = -4*o - 6*z + 11*z + 1831. Suppose 9*w - o - 248 = 0. Calculate the greatest common factor of w and 182.
26
Suppose -2969 + 793 = -68*f. Calculate the greatest common divisor of f and 20112.
16
Let j(r) = r**2 + 27*r - 168. Let g be j(-43). What is the greatest common factor of 728 and g?
104
Let g(h) = -24*h - 2. Let z be g(-1). Let b(j) = 23 - 13*j + 4*j + 8*j. Let n be b(-10). Calculate the highest common factor of z and n.
11
Let h = 168 - 168. Suppose 5*a - 18 - 2 = h. What is the greatest common factor of a and 44?
4
Suppose -s + 5*v + 144 = 153, -3*s = -5*v - 33. What is the greatest common factor of 174 and s?
3
Let n = -36 + 43. Suppose 0 = n*u - 4*u - 471. Let c = -103 + u. What is the greatest common factor of c and 6?
6
Let z(y) = -y**2 - 15*y - 12. Suppose -o - 40 = -2*o. Suppose -o = 5*s + 30. Let j be z(s). Calculate the greatest common divisor of 6 and j.
2
Let m(o) = 9*o**3 + 2*o**2 - 2*o. Let y be m(1). Suppose -y*f - 163 = -397. Suppose -6*r - 3*r + 234 = 0. What is the highest common factor of f and r?
26
Suppose 4*f = 3*a + 75, 3*a - 35 = 4*a + 2*f. Let u(m) = -6*m + 11. Let c be u(0). Let n = c - a. What is the greatest common divisor of n and 100?
20
Let c = 3642 - 3518. What is the greatest common factor of c and 36?
4
Suppose 0 = -5*w + 47 + 153. Suppose h - 2 = -x + 3*x, -2*h + 3*x = 0. Let f be 1 + (-1 + 4 - h). Calculate the highest common factor of w and f.
10
Let n = -107 + 147. Let j(f) = 3*f**2 - 120*f + 35. Let u be j(n). What is the highest common divisor of u and 28?
7
Let g be 14/2*(-73080)/(-196) + 8. What is the highest common divisor of 88 and g?
22
Let y = -105 - -260. Let d = y + -25. What is the greatest common factor of d and 10?
10
Let i be 12/(-2)*(10/(-6) + -1). Let o = 12 + i. What is the highest common factor of 154 and o?
14
Let n(a) = 21*a**2 - 13*a + 14. Let c be n(-8). Let q = c - 922. Calculate the highest common factor of q and 54.
54
Let g be (-3 - -5) + (1 - -4639)/5. What is the greatest common factor of 130 and g?
10
Let n be (-488)/(-2684) - 10158/(-33). What is the highest common factor of 8404 and n?
44
Let z be 2/2*(-3)/21 + (-48513)/(-1099). Calculate the highest common divisor of z and 15796.
44
Let b = -50 + 42. Let z = b + 16. Let w be (1 + 0)*(z - 4/(-2)). Calculate the greatest common factor of 4 and w.
2
Let r be (5 + 6)*(-4)/(-22). Let t be r/7 + (11637/63 - 1). Calculate the highest common divisor of 138 and t.
46
Let i(b) = 3*b**2 - 8*b - 47. Let k be i(7). Suppose 4*j + 3*v - 20 = 0, 2*j + 6*v - 24 = v. What is the greatest common factor of k and j?
2
Let i(x) = -x**3 - x**2 + 197*x + 1058. Let b be i(-6). Suppose 0 = -3*o + 8*o - 70. Calculate the highest common factor of b and o.
14
Let b(m) = -m**3 - 8*m**2 + 6*m + 8. Let u(d) = -d**2 - 7*d - 1. Let s be u(-8). Let z be b(s). What is the highest common divisor of z and 105?
35
Suppose 24*l - l - 46 = 0. Suppose -l*o + 0*q + 243 = q, -3*q - 9 = 0. Calculate the highest common factor of o and 41.
41
Suppose -5*s = -2*h + 1967, -56*h + 55*h = -4*s - 982. What is the greatest common factor of h and 116?
58
Let y(o) = o**2 - 4*o + 3. Let a(m) = m**2 - 4*m + 5. Let t be a(0). Let w be y(t). Let i be -2*w/10*(-28 + 3). What is the greatest common divisor of 20 and i?
20
Let g(t) = t**2 + 50*t + 195. Let f be g(-49). Calculate the greatest common factor of 2 and f.
2
Suppose -24 = 3*i - 168. Let g be (4 - 5)/((-1)/i). Calculate the greatest common divisor of 16 and g.
16
Suppose 3 - 13 = -p - 4*n, 0 = -p + n. Let g be -3 + (p + 7)*2. Let b = g - -11. What is the highest common factor of 13 and b?
13
Let a(k) = 4*k**3 + 36*k**2 - 223*k - 61. Let h be a(5). Let f be (-2)/((8/(-14))/2). Calculate the highest common factor of f and h.
7
Suppose -59 + 41 = -6*a. Suppose 5*y - 7125 = a*o, 3*y + 4*o - 2824 = y. Calculate the greatest common divisor of 79 and y.
79
Suppose 39 = -0*h + 3*h. Suppose 0 = -25*x + 7*x. Suppose 32*z + 99 - 3427 = x. Calculate the greatest common divisor of z and h.
13
Suppose -6*d + 234 = -318. Calculate the highest common factor of 1610 and d.
46
Let t = 45 + -41. Suppose -t*c - v = -178, 0*c + 3*v - 39 = -c. Let n = c + 4. What is the highest common divisor of 7 and n?
7
Let t(a) = a**3 - 12*a**2 + 22*a + 3. Let f be t(10). Suppose c = 76 + 56. Suppose -5*o = -c + 17. Calculate the greatest common divisor of f and o.
23
Suppose 8*w = 9*w + 899. Let o = -881 - w. Suppose 0 = 3*k - 2*k - 42. What is the greatest common factor of o and k?
6
Suppose 3*j = -8*j + 2*j. Suppose 4*y = -t + 45, -5*y = -t - j - 45. Suppose -280 = -4*m + 240. Calculate the greatest common divisor of m and y.
10
Suppose 30*b - 2674 - 23366 = 0. Calculate the highest common factor of b and 620.
124
Let r = -54 + 96. Suppose 2*y - 1655 = 5*l, -3*l - 4*y - 1009 = -2*y. Let j = -228 - l. What is the highest common factor of j and r?
21
Let t(o) = o**3 - 16*o**2 + 31*o - 25. Let r be t(15). Let i = r - 158. Calculate the highest common factor of i and 19.
19
Let q(n) = -43*n**2 + 6*n**2 - n**2 + 12*n - 21 + 2*n**3. Let k be q(19). What is the greatest common factor of 276 and k?
69
Let j = 633 + -186. Suppose 0 = -5*d + 3*k + 711, 0*d + 5*k - j = -3*d. Let n = d - 66. What is the greatest common divisor of n and 39?
39
Let u = 4615 - 4610. Suppose 2*w + 346 = 4*o, -o + w + 100 = -4*w. Let a = 120 - o. Calculate the highest common divisor of u and a.
5
Suppose -161 = 4*s + 1279. Let y = s - -428. Calculate the greatest common factor of y and 612.
68
Suppose 17*u - 22*u + 646 = -3*z, 2*z - 2*u = -436. Let g = z + 443. Calculate the greatest common factor of g and 17.
17
Let m be (6405/(-30) + 2)*8/(-6). What is the greatest common divisor of m and 33?
3
Let b be 13/104 + 4/(-32). Suppose b = 4*m - 12*m + 1248. Calculate the highest common divisor of m and 84.
12
Suppose -10*f = -5194 -